) = 5*y - 254*y**2 + 257*y**2 + 0*y**3 - 10 - y**3. Calculate k(4).
-6
Let z be ((-2)/5)/((-3)/15). Let l be -1 + 33 - (-5 + z). Suppose -4 = 4*g - 4*b, -3*g - 3*b + l = 8. Let y(c) = 4*c - 4. Determine y(g).
12
Let q(d) = -5*d**2 + 2*d**2 - 1 + 4*d**2 + 8*d**3 - d. Suppose -122 = -h - h. Suppose h*j + 4 = 57*j. What is q(j)?
-7
Let r(t) = -t**2 + 3*t + 4. Let m be r(4). Let k be (-1)/((-2)/8*2). Let g(j) = 2*j**2 - 14 + j**3 - 3*j**k + 0*j**2 + 22. What is g(m)?
8
Let j = 9 + -4. Let h = j + -3. Let a(f) be the third derivative of f**6/120 - f**5/20 + f**4/8 - f**3/3 + 8*f**2 - 31. What is a(h)?
0
Let d(m) = -3*m**3 + m**2 - 2*m + 4. Let a(j) = -14*j**3 + 4*j**2 - 9*j + 17. Let z(v) = 2*a(v) - 9*d(v). Suppose -k - 8 = 2*s, -7 = 4*s + 13. Calculate z(k).
-14
Let t(n) = -3*n**3 - 6*n**2 + 13*n - 11. Let f(s) = 2*s**3 + 3*s**2 - 7*s + 6. Let j(b) = 7*f(b) + 4*t(b). Suppose -259*u + 235*u = -48. Give j(u).
8
Let b(g) = -2 + 0*g + g + 11 - 2*g. Let w = -21 + 32. Suppose 6*x = w*x. Give b(x).
9
Let o(p) be the third derivative of p**6/120 - p**5/10 + 7*p**4/24 - p**3 - p**2. Let u be (-1 - 2/(-5))*60/(-6). Let k(l) = -l + 10. Let r be k(u). Give o(r).
-10
Let g(u) = u + 6. Let h(d) = -3. Let n(x) = 2*g(x) + 5*h(x). Let p be (-16)/(-2) + (-30)/10. Give n(p).
7
Let y(f) = 3*f - 25. Suppose 3*r = s + 18, 66*s = 70*s. Give y(r).
-7
Let k(o) = 4*o**2 + 4*o + 1. Let f(s) = -s**2 + 141. Let p be f(12). Determine k(p).
25
Let y(o) be the first derivative of o**3/3 + o**2 + o - 196. Let x = -3 - -2. Give y(x).
0
Let z be (1 - (-10)/(-12)) + 208/(-96). Suppose -5*k + 3 - 10 = -4*t, 3*k = -2*t + 9. Let m = k + z. Let r(l) = -10*l**3 + 2*l + 1. Calculate r(m).
9
Let q be -10 - 0/(-5 - (-2 + -2)). Suppose x + 160 = -3*k + 6*x, -k - 4*x - 42 = 0. Let s be (-44)/q - (-20)/k. Let z(n) = n + 4. Give z(s).
8
Let i(k) = -k**3 - 5*k**2 + 7*k. Let w be (230/25)/((-1)/5). Let q be (-3)/12 + w/8. Determine i(q).
-6
Suppose -5*s + 33 = b - 6, -4*b = -5*s - 81. Suppose -39 = -3*g - b. Let x(f) be the third derivative of f**4/24 - 3*f**3/2 + f**2. Give x(g).
-4
Let d(p) = -141*p - 279. Let m be d(-2). Let r(n) be the first derivative of -m*n - 1/2*n**2 - 7. Give r(3).
-6
Suppose 0*j + 2*j + 8 = 0. Let t = -64 + 66. Let b(q) = 3*q - q**3 - 176 - 3*q**t + q + 179. Determine b(j).
3
Let n(q) = q**3 + 7*q - 3*q + 8*q - 8*q - 2*q**2. What is n(3)?
21
Let p(v) = -v - 12. Let b be 3/4*(2 + 2). Suppose b*c + 0*a + 5*a = 78, -4*a - 51 = -3*c. Suppose -c = 4*q + 3*y, -4*y + 0 = -4. Calculate p(q).
-6
Suppose 47 + 7 = -6*o. Let j(l) = -l - 13. Determine j(o).
-4
Let p(b) = -b**3 + 4*b**2 + 4*b. Let h(t) = -41*t - 36. Let v be h(-1). What is p(v)?
-5
Let w(a) be the first derivative of 1/12*a**4 - 1/120*a**6 - 1 + 7/60*a**5 - 4/3*a**3 + 0*a - 3*a**2. Let o(x) be the second derivative of w(x). Give o(7).
6
Let w(p) = -p**2 - 4*p - 11. Suppose -13*c = 6*c + 76. What is w(c)?
-11
Let c(s) = 6*s - 2. Let j(x) be the first derivative of 5*x**2/2 - x + 5. Let d(i) = -3*c(i) + 4*j(i). Let r be (-26)/12 + -2 + 11/66. What is d(r)?
-6
Let q(i) = 1 + i**3 + 4*i**2 - 6*i - 4 + i. Let n = -12 - -7. Give q(n).
-3
Let g(y) = y**3 - 6*y**2 - 9*y + 9. Suppose 0 = 20*b + 67 - 207. Determine g(b).
-5
Let n(c) = 5*c**2 + 0*c + 5 - 4*c**2 - 3*c. Let s = -87 - -106. Suppose -4*v - s = -35. Determine n(v).
9
Let w(k) = -k**3 + 4*k**2 + 8*k - 8. Let b be 0 + (-1 - 0) - -6. Let l be w(b). Let r(n) = n**2 - 9*n + 9. Calculate r(l).
-5
Let i(g) be the third derivative of g**5/60 + 3*g**4/8 - 4*g**3/3 + 29*g**2. Let r(k) = -5*k**2 - 36*k + 31. Let x(m) = -9*i(m) - 2*r(m). Determine x(7).
-4
Let q(n) = n**2 + 7*n + 5. Let i(p) = 6*p**2 - 13*p + 22. Let t be i(2). Let y = -16 - -42. Let u = t - y. Give q(u).
-1
Let o be -3 + 8 + 2/(-1). Let q(f) be the first derivative of 1/2*f**2 + 5/3*f**3 + 0*f - o - 1/4*f**4. What is q(5)?
5
Let x(v) = -v**3 - 2*v**2 + 2*v + 3. Let f be x(-2). Let r be (7 + f/(-1))/2. Let s(i) = 0*i + i**3 + 1 + 1656*i**2 - 1659*i**2 - 3*i. Determine s(r).
5
Let g(f) = -2*f - 2. Suppose 4*z + 4 = -8. Let p be 2 + (-4 - z/3). Let m(b) = 2*b - 2. Let q be m(p). What is g(q)?
6
Let g = 1 - -2. Let u(t) be the second derivative of t**5/20 - t**4/3 + t**3/3 + 2*t**2 - 135*t. Calculate u(g).
1
Let c(j) = -2*j - 3. Let t(b) = -b**3 + 8*b**2 + 3*b - 22. Let l be t(8). Suppose -5*s - 13 - l = 0. Give c(s).
3
Let q(h) = 7*h**2 + 8*h + 11. Let a(d) = 6*d**2 + 7*d + 9. Let n(u) = 6*a(u) - 5*q(u). Let t = 18 - 10. Suppose 6*w - 5*p - 8 = 2*w, 4*w + 2*p = t. Give n(w).
7
Let h(d) be the first derivative of d**3/3 + 5*d**2/2 - 4*d - 15. Suppose -10 - 5 = 3*c. What is h(c)?
-4
Let m be (-15)/2*(-48)/20. Suppose -4*i = -k - 22, 3*k + 0*k + m = 4*i. Let q(x) = -8*x - 8. Let c(j) = j. Let u(v) = 10*c(v) + q(v). Calculate u(i).
4
Let u(p) = -p - 8. Let l(d) = -d**3 + 33*d**2 + 34*d - 3. Let h be l(34). Give u(h).
-5
Let d(t) = -t - 5. Let n be (-11)/66 + 238/(-12). Let x = n + 14. Give d(x).
1
Suppose j = t - 1, -t = 3*j + 2*t + 9. Let c be 4 + (3 - (j - -4)). Let g(k) = -2*k + k**2 + 0 - k + c - 2*k. Calculate g(4).
1
Suppose -4*s + 5*s + 11 = 0. Let v(d) = -d**3 - 10*d**2 + 12*d + 5. Determine v(s).
-6
Suppose -26*x + 30 = -29*x. Let f(d) = -d**2 - 10*d + 6. Let p be f(x). Let a(z) = z**2 - 4*z - 8. What is a(p)?
4
Let h(s) = s**3 + 8*s**2 + 5*s - 7. Suppose -15 + 0 = -5*q. Suppose -23 = q*i - 2. Give h(i).
7
Let w(n) = n + 14. Suppose 8*h = -1 - 31. Let p be h - (-8)/20*-5. Determine w(p).
8
Suppose -30*o = -42*o - 48. Let w(y) = y - 2. Determine w(o).
-6
Let v(b) = 6*b - b**2 - 2 - 1 + 7. Suppose -548 = 130*y - 134*y. Let h = y - 131. What is v(h)?
4
Let w be 4 - (8 - (-3 + 11)). Let t(p) = p - 3. Determine t(w).
1
Let l(t) = 6*t**2 + 7*t + 1. Suppose -5 = -g + 39*o - 37*o, -4*g + 5*o = -8. Give l(g).
34
Let v(q) = q**2 + 6*q - 7. Suppose -14 = t + 26. Let n be t/6*(0 + 3). Let j = n - -14. Give v(j).
-7
Let i(g) = -2*g + 23. Let x be i(10). Suppose 21 = 3*h + x. Let l(k) = h - 13*k + 24*k - 14*k. Calculate l(4).
-6
Let j(r) = 2*r**3 - 4*r**2 - 6*r - 4. Let l be 75/30*-2 - 8*-1. Give j(l).
-4
Let m(i) = -i**2 + 4*i - 2. Let k be ((-3)/(-3) - -61)/2. Suppose -k*n = -36*n + 20. What is m(n)?
-2
Let d be ((-14)/28)/(2/168). Suppose 5*c = -203 + 8. Let h = c - d. Let o(m) = m**3 - 5*m**2 + 3*m + 4. What is o(h)?
-5
Suppose 6*k - 15 = 3*q + 9*k, -2*q = -k + 10. Let f(w) = w**3 + 7*w**2 + 2*w + 7. Give f(q).
47
Let c(i) = -i - 2. Let f be c(-4). Suppose f*h + h + 3 = 0. Let o(m) = 3*m - 1. Let p(d) = -25*d + 7. Let z(j) = -6*o(j) - p(j). Determine z(h).
-8
Let d(t) = -t**2 - 9*t - 3. Let j = -960 - -953. Give d(j).
11
Let r(m) = -3*m**3 - m**2 + 2*m + 7. Let w(h) = -h**3 + h + 2. Let t(i) = r(i) - 2*w(i). Give t(0).
3
Let b be (-8)/(-20) + 4 + (-104)/10. Let g(o) = -o**3 - 6*o**2 - 2*o - 7. Determine g(b).
5
Let m(s) = -s**3 - 4*s**2 + 5*s + 6. Suppose -16*k - 13 = 51. Give m(k).
-14
Let c(i) = i**3 + i**2 - i + 6. Let u(q) be the first derivative of -q**4/4 + 20. Let p be u(0). What is c(p)?
6
Let u(s) = 2*s - 5. Suppose 20 = -4*c, 4*a - c + 154 - 3 = 0. Let x = -22 - a. Let m = -12 + x. Calculate u(m).
5
Let f(h) be the second derivative of h**5/60 + 13*h**4/24 + 8*h**3/3 - 7*h. Let k(w) be the second derivative of f(w). Calculate k(-9).
-5
Let f(s) = s + 1. Let d = 24 + -29. Let z(a) = -a - 1. Let j(t) = d*z(t) - 6*f(t). What is j(1)?
-2
Suppose 5*j + 5 - 35 = 0. Let r(a) = -6*a + 7. Let g(i) = -32*i + 35. Let z(o) = -2*g(o) + 11*r(o). Calculate z(j).
-5
Let o(c) = -c**3 + 4*c**2 + 3*c - 1. Let u be ((-6)/(-8))/(9/(-36)). Let p be 3*((-4)/3)/(2 + u). Give o(p).
11
Let d(s) = s**3 + 2*s**2 + s. Let b(o) = 1. Let r(w) = -4*b(w) - d(w). Let c be -1*(-3)/6*-6. What is r(c)?
8
Let n(o) = -o**2 - 2*o - 2. Let c = -23 - -22. What is n(c)?
-1
Suppose -7*m = -9*m + 24. Suppose 0 = 4*y - 3*y - m. Suppose 4*d = 2*d + y. Let k(n) = n**3 - 6*n**2 + n + 2. Give k(d).
8
Let j(k) = 4*k**3 + k**2 - k + 4. Let p(g) = g**3 - 7 + 0*g**2 - 10*g**3 - g**2 + g. Let d(c) = -7*j(c) - 3*p(c). What is d(-5)?
-2
Let n(l) = 20*l - 6*l - 13*l - 5 - 6. Suppose -s = -2*s + 3, s = -b + 7. Suppose -2*q + 14 = v + 2*q, -14 = -b*v + 5*q. What is n(v)?
-5
Let v be (-98)/(-21) - 6/9. Let o(r) = 4*r + 5. Give o(v).
21
Suppose -5*i + 20 = 4*b, 2*